130869219 a composite number?
False
Is 2358839737 a prime number?
True
Is 255637511 composite?
False
Is 968107297 a composite number?
True
Is 2516964115 a composite number?
True
Is 10801945289 composite?
True
Is 14875016129 a prime number?
True
Is 1822051579 a composite number?
False
Is 64317687319 prime?
False
Is 191549661139 composite?
False
Is 2396933067 a prime number?
False
Is 3914975381 a prime number?
True
Is 24648761089 prime?
True
Is 7535586979 a prime number?
False
Is 22844910679 a prime number?
True
Is 14002769377 a prime number?
True
Is 2794863139 composite?
True
Is 305270573 prime?
True
Is 9929291209 a prime number?
True
Is 1474621627 a composite number?
False
Is 1564746371 a prime number?
False
Is 27117167027 a composite number?
True
Is 912654481 a prime number?
True
Is 29347268701 a composite number?
False
Is 8310237083 a composite number?
True
Is 33627963431 a prime number?
True
Is 738985921 composite?
False
Is 8382239531 a prime number?
False
Is 26336702533 a prime number?
True
Is 23094861871 prime?
False
Is 1318496779 a prime number?
True
Is 36236346739 a composite number?
True
Is 2635637717 composite?
True
Is 2646246661 a composite number?
False
Is 651278779 a composite number?
True
Is 10463999753 prime?
False
Is 480801961 prime?
False
Is 66921215281 prime?
False
Is 14993387 prime?
False
Is 83455357 a prime number?
True
Is 15679918487 composite?
False
Is 324939553 composite?
False
Is 20703420939 a composite number?
True
Is 50055185 prime?
False
Is 1430454167 composite?
True
Is 213446903 a composite number?
True
Is 1432214779 a composite number?
True
Is 211358347 prime?
True
Is 15032995 composite?
True
Is 3574379357 prime?
True
Is 88600123037 composite?
True
Is 1585043162 prime?
False
Is 147177969545 a prime number?
False
Is 14761742043 prime?
False
Is 640974559 a prime number?
False
Is 6795057767 prime?
True
Is 1722895183 a composite number?
True
Is 2509884649 composite?
True
Is 260032637 a composite number?
False
Is 4732845193 a prime number?
False
Is 1235700379 a prime number?
True
Is 8312353171 a composite number?
False
Is 80190907999 a composite number?
False
Is 2708580229 a composite number?
True
Is 5106546719 prime?
False
Is 16226111999 a prime number?
False
Is 787612799 a composite number?
False
Is 1151221391 composite?
False
Is 650094551 a composite number?
True
Is 42132319 composite?
False
Is 6520143453 a prime number?
False
Is 2697131 prime?
False
Is 324556579 prime?
True
Is 932351333 prime?
True
Is 335588159 prime?
True
Is 6348936401 composite?
False
Is 5267720527 a composite number?
False
Is 158669047 a composite number?
True
Is 20155136161 a composite number?
False
Is 3435509071 composite?
True
Is 122922367 composite?
False
Is 2936322497 a prime number?
True
Is 32977691233 a prime number?
False
Is 3835180651 a composite number?
False
Is 77333219903 a prime number?
False
Is 197842397147 a prime number?
True
Is 3205517803 composite?
False
Is 19802085601 a prime number?
True
Is 14411913391 prime?
False
Is 4538038217 a prime number?
False
Is 256608383 prime?
True
Is 28006202207 prime?
True
Is 3507276041 a prime number?
True
Is 3522105077 a composite number?
False
Is 37181256443 a composite number?
True
Is 802658641 prime?
False
Is 477001037 prime?
True
Is 338924057 prime?
False
Is 12904646353 composite?
True
Is 6472204589 prime?
False
Is 363130213 a prime number?
True
Is 4591364331 composite?
True
Is 141231067 prime?
True
Is 450168905045 a composite number?
True
Is 2990762843 composite?
True
Is 49815635 a prime number?
False
Is 384894773 prime?
False
Is 10892781631 composite?
False
Is 1080148477 a prime number?
True
Is 486951991 composite?
False
Is 2828965199 a composite number?
False
Is 23776403243 a composite number?
True
Is 5218667 prime?
True
Is 27346577267 a prime number?
False
Is 9087521123 composite?
True
Is 725319709 prime?
True
Is 33091291049 composite?
False
Is 19732060727 a composite number?
False
Is 40197471817 composite?
False
Is 1305982331 prime?
True
Is 733514365 prime?
False
Is 4101966977 prime?
False
Is 34480190249 prime?
True
Is 145141749239 composite?
True
Is 31870507201 composite?
True
Is 7219831 a composite number?
False
Is 125185867 a composite number?
False
Is 25517399183 prime?
True
Is 661430797 prime?
False
Is 443631913 composite?
False
Is 250785609911 prime?
False
Is 755302559 a composite number?
True
Is 5058761465 composite?
True
Is 57186774053 a composite number?
False
Is 50584645013 a composite number?
True
Is 341264809 a prime number?
True
Is 33317021858 composite?
True
Is 4321705537 prime?
True
Is 36803287 a prime number?
False
Is 481892746 a prime number?
False
Is 19915702501 prime?
False
Is 755520797 a composite number?
True
Is 268538663 a prime number?
False
Is 22039849981 a prime number?
False
Is 6515582767 a prime number?
True
Is 2247459209 composite?
False
Is 612961577 prime?
True
Is 767987383 prime?
True
Is 7720641343 prime?
True
Is 1475660053 prime?
False
Is 1957679138 a prime number?
False
Is 2663918773 a composite number?
False
Is 17673918497 prime?
False
Is 367174429 a prime number?
True
Is 9167813449 composite?
True
Is 1317552863 a prime number?
False
Is 13487193949 composite?
True
Is 3463141853 a composite number?
True
Is 105952632809 a composite number?
False
Is 231593117 composite?
True
Is 834410573 a prime number?
False
Is 1339442041 a prime number?
False
Is 371317151 a prime number?
True
Is 54466134571 prime?
False
Is 1960164907 prime?
True
Is 79792592041 composite?
True
Is 118232008131 a prime number?
False
Is 76260437 prime?
False
Is 41903122381 prime?
False
Is 7948139 prime?
False
Is 13210705877 a prime number?
True
Is 1423249697 prime?
True
Is 54929099471 a prime number?
False
Is 22811835913 prime?
False
Is 4886752529 prime?
False
Is 6355685507 a composite number?
True
Is 53886052097 a prime number?
True
Is 2166692057 a composite number?
True
Is 2094151921 a prime number?
True
Is 11789917531 a composite number?
True
Is 1244567741 a composite number?
True
Is 8069488711 composite?
False
Is 8726561087 prime?
True
Is 241674101 a composite number?
False
Is 910826167 prime?
True
Is 97651562339 composite?
False
Is 12910081241 prime?
False
Is 1641194707 a prime number?
False
Is 3096235609 a prime number?
False
Is 221143003 prime?
True
Is 3625732606 prime?
False
Is 71592813141 a prime number?
False
Is 242640707 a composite number?
False
Is 336021739 composite?
False
Is 3828569761 a prime number?
True
Is 13011354247 composite?
False
Is 5084091319 a composite number?
False
Is 794807267 a composite number?
False
Is 8999091103 a prime number?
True
Is 14844509291 a prime number?
True
Is 501640211 a prime number?
True
Is 4489966801 prime?
True
Is 89081265297 composite?
True
Is 12725574781 a prime number?
True
Is 138577709 composite?
False
Is 10104421061 a prime number?
False
Is 602412073 a composite number?
False
Is 7073273057 prime?
True
Is 2860153697 prime?
False
Is 13942332265 a composite number?
True
Is 148099387 prime?
True
Is 3690473321 a composite number?
False
Is 1244626063 prime?
False
Is 2311098011 prime?
True
Is 1175072534 prime?
False
Is 5274020849 a prime number?
True
Is 12584675231 a prime number?
True
Is 796943759 a composite number?
False
Is 1641458045 a prime number?
False
Is 853842065 composite?
True
Is 14590511723 composite?
False
Is 16972423349 prime?
False
Is 700724701 a composite number?
False
Is 1245321601 prime?
True
Is 10912490443 a prime number?
False
Is 788363969 composite?
False
Is 5569069169 composite?
False
Is 287152637 prime?
False
Is 62687283269 a composite number?
True
Is 39763001399 composite?
True
Is 5605754969 composite?
True
Is 2002851029 a prime number?
True
Is 59326543 a prime number?
True
Is 2343268477 a composite number?
True
Is 6319416049 composite?
False
Is 40831333297 composite?
True
Is 48043019 a prime number?
False
Is 1714466239 composite?
False
Is 632490283 a prime number?
False
Is 15376973243 a prime number?
True
Is 1102245371 a prime number?
False
Is 14551559923 prime?
True
Is 2760737309 a prime number?
False
Is 19060185323 a composite number?
False
Is 7269767039 a prime number?
True
Is 8357726119 a prime number?
True
Is 11575893367 a composite number?
False
Is 7150909361 prime?
False
Is 1074438977 a composite number?
False
Is